(-6). Suppose r = -4*n + 16, 0 = -5*t - 2*n + 4*n - 13. Let v = 1 - t. List the prime factors of v.
2
Let l(v) = 3 + 3*v**2 - 2*v**2 - 42*v + 55*v + 0*v**2. List the prime factors of l(-16).
3, 17
Let m(x) = 2*x**2 - 10*x - 2. List the prime factors of m(7).
2, 13
Let z(g) = -6*g - 35. What are the prime factors of z(-14)?
7
Let q(a) = -a**2 + 6*a. Let l be q(8). List the prime factors of (9 - 0)/((-6)/l).
2, 3
What are the prime factors of ((-12)/(-18))/((-1)/(-21))?
2, 7
Let o = 3 + -1. Suppose 5*s + 1 = 76. Suppose 7 = -o*p + s. What are the prime factors of p?
2
Let b be -2 + (2/(-2) - -7). Let v = 1 + b. Suppose 8 = a + a, -4*a = -v*f + 14. What are the prime factors of f?
2, 3
Let u be -2 + 0 + 0 - 0. Let g = 7 + u. Suppose 4*h = g*z + 20, -z - 12 = -2*h + z. List the prime factors of h.
2, 5
Suppose -2048 = -9*u + u. What are the prime factors of u?
2
Suppose 11 = -2*j - s + 4*s, 3*j - 5*s = -16. Let p(c) = 21*c**2. Let z be p(1). Let f = j + z. What are the prime factors of f?
2, 7
Let m(i) = 7*i**2 + 4*i + 2. Let z be m(-2). Let a = -13 + z. List the prime factors of a.
3
Suppose -5*z - 3*f = -0*f - 602, 2*f + 228 = 2*z. Suppose -4*o + n + z = -0*n, -o - 3*n = -23. List the prime factors of o.
29
Let q be (0/4)/(-1 + 3). List the prime factors of 49*(-3 - q - -4).
7
Suppose d = -d + 8. Let z(c) = -c**3 + 6*c**2 - 6*c + 6. List the prime factors of z(d).
2, 7
Let h(q) = -q**2 - 8*q - 8. Let i be h(-6). Suppose -f - 16 = n + i*n, 0 = 3*f + n - 8. What are the prime factors of 6/(10/f - 1)?
2
Suppose 5*g = -2*v + 17, 4*v + 23 = 3*g + 2*v. Suppose -2*s = -4*s + 5*n + 12, 4*s - 24 = -g*n. What are the prime factors of s?
2, 3
Suppose a + 2*x - 3*x - 69 = 0, -x - 3 = 0. List the prime factors of a.
2, 3, 11
Suppose 6 = 3*c, 2*c + 57 = o - 0*c. List the prime factors of o.
61
Let g = -2 - -4. List the prime factors of g.
2
Let l(b) = b - 3. Let w be l(3). Let h(g) = g + 11. What are the prime factors of h(w)?
11
Let j be -61 - (2 + -4 + 2). Let z = 86 + j. List the prime factors of z.
5
Let i(q) = 26*q - 11. List the prime factors of i(4).
3, 31
Suppose 0*d + 2*d = 2. Let o be (d/(-3))/(3/(-45)). Let s = o - 1. What are the prime factors of s?
2
Let y = 4 - 2. Let q = 4 - y. Suppose 0 = q*m - 15 - 1. List the prime factors of m.
2
Let f be (-6)/(-21) + (-670)/(-7). Suppose -5*k = -3*d - f, d = -k - 4*k + 108. What are the prime factors of k?
3, 7
Suppose 3*f - 3 - 6 = 0. Suppose f*h = -4*o - 14 + 81, o = -3*h + 28. List the prime factors of o.
13
Let h(y) = y**2 + 2*y + 6. Let p be h(4). Suppose -59 - 91 = -5*w + 5*a, a - p = -w. What are the prime factors of w?
2, 3, 5
Let a = 43 - 36. List the prime factors of a.
7
List the prime factors of (0 - -3)/(2/12).
2, 3
What are the prime factors of ((-19)/(-95))/((-1)/(-565))?
113
Let o(d) = -10*d + 14. What are the prime factors of o(-6)?
2, 37
Let b = -34 - -56. What are the prime factors of b*(-2 - 0)/(-4)?
11
Let a(y) = y**2. Let q(r) = -4*r**2 + 6*r - 4. Let c(k) = -5*a(k) - q(k). List the prime factors of c(-6).
2
Let r(u) = 3*u**2 - 7*u + 4. What are the prime factors of r(3)?
2, 5
Suppose -45 + 3 = -h. What are the prime factors of h?
2, 3, 7
Let y = 10 - -5. List the prime factors of y.
3, 5
Let s = 5 + 9. What are the prime factors of s?
2, 7
Let y be (2 + 1)/((-6)/(-4)). Suppose y*s + 160 = 7*s. List the prime factors of s.
2
Suppose 15 = 3*t + 2*t. Suppose 2*k = t*k - 4. What are the prime factors of k?
2
Let p = 309 - 195. What are the prime factors of p?
2, 3, 19
Let n(g) = -3*g + 4. What are the prime factors of n(-14)?
2, 23
Let l be -2 - 0 - -4 - 8. What are the prime factors of 56/l*3/(-2)?
2, 7
Suppose -9*l = -7*l - 136. List the prime factors of l.
2, 17
Suppose 3*y - 2*y - 52 = 0. Suppose 0 = o - 5*o + y. List the prime factors of o.
13
Let x(b) = -b**3 + 4*b**2 + 1. Let r be x(4). Let u = -3 - -7. Suppose 0 = t + r - u. What are the prime factors of t?
3
Suppose 2*y - 6 = 0, 3*h - 3*y + 3 = 2*y. Suppose h*c = 3*j + 4, -4*j = -0*c - 2*c - 8. List the prime factors of c.
2
Let m be 459/36 + 3/(-4). Let x = m - 3. What are the prime factors of x?
3
Let i(k) = 5*k**2 - 3*k + 3. Let u be i(3). Suppose -u = -7*f + 4*f. What are the prime factors of f?
13
Let h = 128 + 31. What are the prime factors of h?
3, 53
Suppose 2129 + 223 = 4*n. What are the prime factors of 1/(n/(-148) - -4)?
37
Let m(d) = -2*d - 4. Let x be m(-3). Suppose 2 = 5*r - x*o - 56, 2*o = -r + 2. List the prime factors of r.
2, 5
Suppose -4*v = 2*c - 3*c - 90, -2*v = -5*c - 54. Suppose 0*h = -2*h + v. List the prime factors of h.
11
Let n(c) be the first derivative of 3 - 1/2*c**2 - 1/4*c**4 + 0*c**3 + c. What are the prime factors of n(-2)?
11
Let z(d) = d**3 - 3*d**2 + d + 1. Suppose y + 4*y = 15. What are the prime factors of z(y)?
2
Suppose -3*i - v + 1 = 0, -i + 5*v - 9 = -36. Suppose -2*r - r = -5*w - 1, -i*r + 6 = -2*w. Let k = r + -1. What are the prime factors of k?
2, 3
Let k(f) = -6*f - 6. What are the prime factors of k(-10)?
2, 3
Let l be (-34)/10 - 6/(-15). Let f be -3*l/(-4)*-4. List the prime factors of (-9)/(5/((-30)/f)).
2, 3
Let i = 6 - 4. Let k = 12 + -7. Suppose -i*d + 1 = -k. List the prime factors of d.
3
Suppose 3*u = -u + 40. Suppose 2*x + 5*h - 9 = 11, -3*h = x - u. List the prime factors of x.
2, 5
Let t(j) = 8*j + 7. Let o be t(6). Suppose 3*a + 4*q = -50, 0*a + 3*q = -4*a - o. Let i = a - -17. List the prime factors of i.
7
Suppose 3*f = -4*b - 2, 0*b + 2 = 4*f + 3*b. Let o(d) = 7*d**2 - d. Let x be o(-1). Suppose u - 6*u = 2*q - 68, 0 = -f*q + x. List the prime factors of u.
2, 3
Suppose 0 = -s - 4*w + 15, 3*s + 3*w - 41 + 5 = 0. Suppose 5*n - 2*z = -4*z + s, -10 = -4*n - z. List the prime factors of n.
3
Let w(u) = -u**2 + 10*u + 12. Let o be w(11). Suppose 0 = 5*s, 3 = k - s + o. List the prime factors of k.
2
Let g be 4/6 + (-416)/(-6). Suppose 3*m + t - 43 = 0, g = 2*m + 3*m + 2*t. What are the prime factors of m?
2
Let x(n) = -n**3 - 5*n**2 + 5*n - 6. Let i be x(-6). Suppose -9*q + 8*q + 18 = i. What are the prime factors of q?
2, 3
Suppose 0 = -5*v + 2*r + 74, -20 = -4*v - 5*r + 59. What are the prime factors of v?
2
Suppose q + 1 + 1 = 0, 2*q = -5*l - 94. Let d be (l/(-4))/(21/28). What are the prime factors of (d/8)/(1/4)?
3
Let o = -9 + 11. Suppose o*c - 6 = 18. List the prime factors of c.
2, 3
Let z(k) = -6*k**3 - 4*k**2 - 2*k + 1. List the prime factors of z(-2).
37
Suppose -2*f + 35 + 33 = 0. What are the prime factors of f?
2, 17
Let d(l) = -l**3 - 13*l**2 - 5*l + 20. What are the prime factors of d(-13)?
5, 17
Let i(m) = 0*m - 6*m + m**2 - 17 - m - 3*m. What are the prime factors of i(12)?
7
Let g = -40 + 103. What are the prime factors of g?
3, 7
Let c(u) = 12 + 0*u - 11 + 3*u**2 + 4*u. Suppose 7 = 4*r + 19. What are the prime factors of c(r)?
2
Let r(y) = 7*y + 1. Let q be r(1). Suppose 140 + q = 4*t. List the prime factors of t.
37
Let o(g) = -g**3 + 5*g**2 - 3*g + 2. Let z be (-6)/2 + (-2 - -2). Let h be (z/2)/((-2)/4). What are the prime factors of o(h)?
11
Let c = -3 - -6. Suppose s - 5*n - 76 = -28, -s + 16 = c*n. List the prime factors of (-6)/4*s/(-3).
2, 7
Suppose 2*a - 523 = -125. What are the prime factors of a?
199
Let w(n) = 8*n - n**2 + 4 - 4 + 5*n + 7. Let m(c) = c + 4. Let z be m(8). List the prime factors of w(z).
19
Let v(k) = k**3 + k**2 - k + 29. Let f = -7 - -7. List the prime factors of v(f).
29
Let i(m) = -m**2 + 9*m - 17. Let c be i(12). Let b = c + 80. What are the prime factors of b?
3
Let y(t) = t**2 + 5*t + 5. What are the prime factors of y(-10)?
5, 11
Let v = 184 + -125. Suppose -33 = -4*w + v. What are the prime factors of w?
23
Let b = -88 - -157. List the prime factors of b.
3, 23
Let s be 12*(0 - 1/(-2)). Suppose -4*v - 2*k = -s*v + 26, 5*k = -5. Suppose 5*b - 32 + v = 0. List the prime factors of b.
2
Suppose 10 + 6 = 4*g. Let m(y) = y**3 - 5*y**2 + y + 4. Let n be m(g). What are the prime factors of 21/2*n/(-12)?
7
List the prime factors of 30/3*12/10.
2, 3
Suppose -5*m + 3 = 2*k - 0*k, -2*m = 3*k - 21. Suppose 4*t = 4*f - 12, -t - 3 = 2*t - f. Suppose t - k = -p. List the prime factors of p.
3
Suppose n = 5*b + 10 + 8, -4*n + 4 = -3*b. Let h be 1/2*(n - 2). What are the prime factors of 2/h*(-9 + 2)?
7
Suppose 5*s - 4 = -2*r, 